?
3
What is the thousands digit of 874475?
4
What is the hundreds digit of 819584?
5
What is the hundred thousands digit of 12094795?
0
What is the hundred thousands digit of 218630?
2
What is the tens digit of 1073059?
5
What is the millions digit of 2259464?
2
What is the thousands digit of 346593?
6
What is the hundred thousands digit of 224374?
2
What is the thousands digit of 3736529?
6
What is the ten millions digit of 11513766?
1
What is the thousands digit of 298429?
8
What is the hundreds digit of 14661702?
7
What is the hundred thousands digit of 155070?
1
What is the hundreds digit of 1095004?
0
What is the tens digit of 983132?
3
What is the tens digit of 77961?
6
What is the thousands digit of 215163?
5
What is the units digit of 324882?
2
What is the thousands digit of 9053166?
3
What is the ten thousands digit of 248588?
4
What is the ten thousands digit of 5590032?
9
What is the hundreds digit of 715163?
1
What is the thousands digit of 5873057?
3
What is the units digit of 36773448?
8
What is the ten thousands digit of 9188814?
8
What is the units digit of 1090157?
7
What is the tens digit of 1059432?
3
What is the ten thousands digit of 14177794?
7
What is the units digit of 595262?
2
What is the tens digit of 847709?
0
What is the hundred thousands digit of 20794280?
7
What is the thousands digit of 4498640?
8
What is the units digit of 856023?
3
What is the hundreds digit of 1829618?
6
What is the hundreds digit of 1648728?
7
What is the tens digit of 1303804?
0
What is the units digit of 123786?
6
What is the thousands digit of 3777322?
7
What is the ten thousands digit of 4272919?
7
What is the ten thousands digit of 233734?
3
What is the hundreds digit of 18631330?
3
What is the units digit of 99163?
3
What is the thousands digit of 3490322?
0
What is the thousands digit of 1104065?
4
What is the tens digit of 84556?
5
What is the hundreds digit of 1415555?
5
What is the units digit of 8907015?
5
What is the units digit of 1049734?
4
What is the thousands digit of 18978248?
8
What is the tens digit of 860572?
7
What is the units digit of 202021?
1
What is the hundreds digit of 102176?
1
What is the hundred thousands digit of 18085746?
0
What is the units digit of 1757334?
4
What is the units digit of 3552233?
3
What is the ten thousands digit of 6378867?
7
What is the tens digit of 475259?
5
What is the thousands digit of 224668?
4
What is the units digit of 309720?
0
What is the hundreds digit of 337731?
7
What is the tens digit of 82087?
8
What is the tens digit of 1711?
1
What is the millions digit of 26086892?
6
What is the units digit of 4046320?
0
What is the tens digit of 11052596?
9
What is the thousands digit of 10218809?
8
What is the hundred thousands digit of 252255?
2
What is the ten millions digit of 19878501?
1
What is the hundreds digit of 1478637?
6
What is the hundred thousands digit of 729768?
7
What is the hundred thousands digit of 286966?
2
What is the ten thousands digit of 7431973?
3
What is the hundreds digit of 308950?
9
What is the units digit of 357449?
9
What is the units digit of 2094551?
1
What is the tens digit of 889090?
9
What is the millions digit of 5222767?
5
What is the thousands digit of 2797735?
7
What is the hundreds digit of 2022251?
2
What is the hundred thousands digit of 308265?
3
What is the millions digit of 1327868?
1
What is the tens digit of 176886?
8
What is the thousands digit of 27496938?
6
What is the ten thousands digit of 7031548?
3
What is the ten millions digit of 10060324?
1
What is the hundred thousands digit of 381299?
3
What is the ten thousands digit of 1385260?
8
What is the hundreds digit of 22178461?
4
What is the hundreds digit of 7077614?
6
What is the tens digit of 48552?
5
What is the units digit of 79441?
1
What is the ten millions digit of 14447972?
1
What is the units digit of 5945900?
0
What is the hundred thousands digit of 23640993?
6
What is the thousands digit of 203472?
3
What is the ten thousands digit of 581460?
8
What is the units digit of 7078649?
9
What is the ten thousands digit of 532643?
3
What is the hundreds digit of 7861736?
7
What is the hundred thousands digit of 568187?
5
What is the units digit of 3618469?
9
What is the hundreds digit of 1332292?
2
What is the ten millions digit of 29871181?
2
What is the millions digit of 4991180?
4
What is the tens digit of 471993?
9
What is the units digit of 3734438?
8
What is the tens digit of 492686?
8
What is the thousands digit of 273737?
3
What is the ten thousands digit of 3952133?
5
What is the ten thousands digit of 98559?
9
What is the ten millions digit of 31315442?
3
What is the ten thousands digit of 43623?
4
What is the thousands digit of 604697?
4
What is the ten thousands digit of 440626?
4
What is the tens digit of 856341?
4
What is the hundred thousands digit of 17158325?
1
What is the tens digit of 681767?
6
What is the hundreds digit of 4600343?
3
What is the ten thousands digit of 7300130?
0
What is the thousands digit of 6424947?
4
What is the tens digit of 618324?
2
What is the thousands digit of 349957?
9
What is the thousands digit of 2237255?
7
What is the thousands digit of 1316685?
6
What is the millions digit of 1173171?
1
What is the tens digit of 16527701?
0
What is the tens digit of 3469619?
1
What is the units digit of 1324749?
9
What is the tens digit of 158528?
2
What is the tens digit of 247599?
9
What is the ten millions digit of 11146720?
1
What is the tens digit of 53443?
4
What is the thousands digit of 2912600?
2
What is the tens digit of 584486?
8
What is the units digit of 210431?
1
What is the hundred thousands digit of 6647333?
6
What is the tens digit of 43799?
9
What is the ten thousands digit of 1028503?
2
What is the ten millions digit of 17268156?
1
What is the ten thousands digit of 1959721?
5
What is the thousands digit of 2519197?
9
What is the ten thousands digit of 104999?
0
What is the ten thousands digit of 151858?
5
What is the hundreds digit of 243128?
1
What is the units digit of 3375238?
8
What is the hundred thousands digit of 21170885?
1
What is the hundreds digit of 25973?
9
What is the ten thousands digit of 249747?
4
What is the thousands digit of 1515727?
5
What is the tens digit of 10374153?
5
What is the hundreds digit of 1117657?
6
What is the thousands digit of 198981?
8
What is the ten thousands digit of 3436207?
3
What is the millions digit of 1905356?
1
What is the millions digit of 2263494?
2
What is the thousands digit of 185385?
5
What is the ten thousands digit of 83639?
8
What is the hundreds digit of 7752287?
2
What is the tens digit of 978650?
5
What is the thousands digit of 2820846?
0
What is the ten thousands digit of 18060776?
6
What is the thousands digit of 1377942?
7
What is the ten thousands digit of 59232?
5
What is the tens digit of 1213479?
7
What is the thousands digit of 3326845?
6
What is the units digit of 84666?
6
What is the hundreds digit of 1151282?
2
What is the thousands digit of 6472345?
2
What is the tens digit of 206370?
7
What is the hundreds digit of 118645?
6
What is the thousands digit of 5768897?
8
What is the tens digit of 11168481?
8
What is the ten thousands digit of 569327?
6
What is the ten thousands digit of 1142150?
4
What is the tens digit of 11245187?
8
What is the millions digit of 5524935?
5
What is the units digit of 478409?
9
What is the thousands digit of 249973?
9
What is the millions digit of 10403207?
0
What is the hundreds digit of 2765313?
3
What is the tens digit of 828040?
4
What is the hundreds digit of 1285537?
5
What is the ten thousands digit of 106311?
0
What is the tens digit of 2094794?
9
What is the hundreds digit of 165063?
0
What is the hundred thousands digit of 12123452?
1
What is the tens digit of 291231?
3
What is the ten thousands digit of 26977421?
7
What is the units digit of 887009?
9
What is the millions digit of 13904658?
3
What is the millions digit of 23267826?
3
What is the units digit of 147599?
9
What is the hundred thousands digit of 904671?
9
What is the hundreds digit of 26595796?
7
What is the units digit of 289382?
2
What is the hundreds digit of 5940696?
6
What is the hundred thousands digit of 20101632?
1
What is the hundred th